. Let k be 3/1 + (-54)/18. Suppose -y - 3 = -k*y. Calculate the remainder when j(y) is divided by 8.
7
Suppose -7*d = -124 + 33. Let n(q) = -18*q**2 - 91*q + 27. Calculate the remainder when n(-4) is divided by d.
12
Let d(g) = -g**2 + 4*g + 2. Let n be d(4). Let w(i) = -i + 2 - 13*i**n - 2*i**2 + 19*i**2 + i**3. What is the remainder when 21 is divided by w(-4)?
3
Let p = -45 - -344. Suppose p = -4*c + 1999. Suppose 6*d + 4*a - c = d, -4*d + a + 319 = 0. What is the remainder when d is divided by 12?
9
Let x(s) = s**3 - 2*s**2 - s + 1. Let m(f) = 7*f**3 - 8*f**2 - 7*f + 24. Let w(o) = -m(o) + 5*x(o). What is the remainder when w(-4) is divided by 21?
6
Suppose 15 = -38*g + 43*g. Calculate the remainder when (528/55)/(g/60) is divided by 15.
12
Suppose 2 = -p - 18. Let j(y) = -y**3 - 21*y**2 - 22*y + 3. Calculate the remainder when (-679)/(-4) - 3/(-12) is divided by j(p).
41
Let i = 11 - 6. Let k be 16/i - 64/(-80). Suppose 3*p - p - 178 = 3*t, -2*p + 180 = -k*t. Calculate the remainder when p is divided by 8.
6
Let q(c) = 13*c**2. Let x = 11 - 12. Suppose -4*z = 3*o - 85, 5*z - 224 = -5*o - 89. Calculate the remainder when o is divided by q(x).
10
Calculate the remainder when ((-84)/(-84))/((-2)/(-1326)) is divided by 19.
17
Suppose 312 = 24*j + 28*j. Suppose 4*z + 61 = 7*z + c, -2*z = 3*c - 50. Calculate the remainder when j*z + (11 - 8) is divided by 17.
15
Suppose 0 = 4*r - r - 93. Let v(n) = -n**3 - 2*n**2 + 18*n + 47. Let y be v(-3). Suppose -y*h - 88 = -110. Calculate the remainder when r is divided by h.
9
Let b be -2 - ((-4)/(-4) + -3). Suppose -4*d + 7*d + 6 = b. Calculate the remainder when 54 is divided by d + ((-25)/(-2) - (-6)/12).
10
What is the remainder when 914 is divided by 1*12/84*7 + 111?
18
Let y(v) = -10*v**2 - 251*v + 53. What is the remainder when y(-23) is divided by 58?
14
Suppose 25*b - 1896 = -3192 + 2121. Let l(i) = -53*i - 3. What is the remainder when l(-2) is divided by b?
4
Let h(u) = 3*u - 20. Suppose 0 = 3*k - 392 - 103. Suppose -k = -o - 15. What is the remainder when o is divided by h(13)?
17
Suppose -y + 2*m + 7 + 0 = 0, 0 = -4*y + 5*m + 22. Suppose 0 = -y*r + 2*r + 23. Let t = r + 15. What is the remainder when 73 is divided by t?
35
Let f(n) = -17*n. Let m(b) = b**3 + 14*b**2 + 55*b + 32. Let z be m(-7). Calculate the remainder when (-1660)/8*4/z is divided by f(-1).
15
Let l(g) = -g**2 - 5*g + 12. Let v be l(-4). Calculate the remainder when ((-284)/6)/(v/(-24)) is divided by 24.
23
Suppose -15 = -12*n + 57. Let o = 3518 - 3209. What is the remainder when o is divided by n?
3
Let j(f) = -2*f**2 - 189*f - 274. Calculate the remainder when 58/(-1)*(-2)/4 is divided by j(-93).
4
Let y = -3637 + 3655. What is the remainder when 1456 is divided by y?
16
Let o(u) = 36*u**3 - 3*u**2 + 10*u + 1. Calculate the remainder when 903 is divided by o(2).
12
Let q = 12851 - 12838. What is the remainder when 19017 is divided by q?
11
Suppose 2*f + 25*g - 29*g = 10, -15 = -f - 3*g. Suppose 33 = -f*n + 168. Suppose 58 = -4*j + 6*j. Calculate the remainder when j is divided by n.
14
Suppose -5*s - 215 = -5*m, 188*s - 12 = 191*s. Calculate the remainder when 272 is divided by m.
38
Suppose 2*j + j - 300 = 0. Suppose -2*l + 34 = r, -83*l + 87*l = 64. Calculate the remainder when j is divided by r.
0
Let b(m) be the first derivative of -m**4 - 2*m**3/3 + m**2/2 - m - 2. Calculate the remainder when b(-2) is divided by (1 - (9 + -6)) + (23 - 10).
10
Let l(i) = -i**3 + 45*i**2 - 159*i + 93. Calculate the remainder when l(41) is divided by 2.
0
Let r(v) = 22*v**3 + v**2. Let m be r(1). Suppose 0 = -3*d + m + 73. Calculate the remainder when d is divided by (-22)/(-2) - (-6)/(-3).
5
Let j = 87137 + -87058. Calculate the remainder when 1*(-3 - (1 - 199)) is divided by j.
37
Let q(t) = -t**3 + 2*t**2 + 3*t - 7. Let l be q(3). Let c(r) = -r**3 - 7*r**2 - 3*r + 6. Calculate the remainder when 105 is divided by c(l).
24
Let i = -4154 + 4270. Calculate the remainder when 260 is divided by i.
28
Let j = 133 + -191. Suppose 18*a + 476 = 14*a + 11*a. Let i = a + j. What is the remainder when 26 is divided by i?
6
Suppose -4*p + 105 = -4*o + 289, -2*o = 2*p + 104. Let r = p - -243. Calculate the remainder when r is divided by 18.
14
Let v = -6960 + 7192. Calculate the remainder when v is divided by 130.
102
Suppose u - 2*u + 2 = 0. Suppose -5*d - 6*k = -2*k - 138, -4*k = u*d - 60. Calculate the remainder when 20*(28/(-105) + 0)*-9 is divided by d.
22
Suppose 2*v + 2 = 0, -4*g = -3*v - 312 - 171. Calculate the remainder when g is divided by 46.
28
Let w = 2071 + -1715. Calculate the remainder when w is divided by 190.
166
Let p = -23041 + 23047. What is the remainder when 21 is divided by p?
3
Let n = -190 + 134. Let o be (-5)/(-4) + n/(-32). Suppose 5*k - o = 2*k, 83 = 3*x - 4*k. Calculate the remainder when x is divided by 11.
7
Let h(z) = 3*z + 92. Let t be h(-30). Suppose 11*o - 14*o + b = -145, -5*o + t*b = -243. What is the remainder when 78 is divided by o?
31
Let f = 12881 - 10578. What is the remainder when f is divided by 176?
15
Suppose -73*n = -74*n + 64. Suppose -4*j - 4*f = -n, -4*j + 3*j - 3*f = -18. Calculate the remainder when 0/(-2 + 4) - -55 is divided by j.
10
Suppose -10 = -5*h, h + 413 = -0*u + 5*u. Suppose -24*d = -u - 13. What is the remainder when -1 - -4 - (-6 - -3) is divided by d?
2
Suppose 40 = 5*w + 10. Suppose f - w = -0. Suppose -f*g = -17 - 25. What is the remainder when g is divided by 2?
1
Let t(j) = -2*j - 95. Let u be t(-43). Calculate the remainder when 107 is divided by (u + 18)*(-26)/(-6).
29
Let o = -128 - -126. What is the remainder when (o - -911)*6/18 is divided by 19?
18
Suppose -f = -4*x + 121, -5*f + 36 = 61. Calculate the remainder when 84 is divided by x.
26
Suppose -6*o + 390 = -102. Suppose -3*k - 6*u + 7*u + o = 0, -5*u = -25. Calculate the remainder when 154 is divided by k.
9
Let k = 716 + -712. Suppose 56 = k*q - 440. What is the remainder when q is divided by 34?
22
Let b(t) = 3*t - 6. Let o be b(3). Suppose 2*g = -3*i - 249, -2*g - 3 = -o*g. What is the remainder when (2 - i/10)*(-24)/(-14) is divided by 11?
7
Suppose -5*v = 3*t - 11676, 3*v - 6992 = 22*t - 17*t. Suppose 0 = 8*f - v - 762. What is the remainder when f is divided by 6?
3
Suppose -2*w = -4*w + 8, -2*w - 524 = 2*s. Let a = s + 311. What is the remainder when 216 is divided by a?
36
Let f(y) = -y**3 - y**2 + y + 6. Let x(l) = l**3 + 26*l**2 + 23*l - 54. Let i be x(-25). What is the remainder when f(i) is divided by 24?
2
What is the remainder when ((-45)/27*166545/(-50))/((-27)/(-18)) is divided by 206?
199
Let w be 0/(3/(-3) - (-5 + 5)). Suppose -4*x - 4*t + 132 = w, 7*x = 12*x + 3*t - 161. Calculate the remainder when 116 is divided by x.
23
Let k = 357 - 354. Suppose -4*g = 16, -443 + 1870 = k*r + 4*g. What is the remainder when r is divided by 44?
41
Suppose l - 505 = 4*z + 326, -4*z = l - 871. What is the remainder when l is divided by 139?
17
Calculate the remainder when (-105 + 107)*(2 - (-254)/4) is divided by 5.
1
Suppose -3657*n + 2480 = -3617*n. Calculate the remainder when 679 is divided by n.
59
Suppose 4*w - 4*t = w + 312, 0 = 5*w + 5*t - 520. Let l = 125 - w. Suppose 7*p - 7 = l. What is the remainder when 16 is divided by p?
0
Suppose 515*m - 11696 = 289579. Let k = -3 + 31. What is the remainder when m is divided by k?
25
Suppose -2*x + 2*t = -42, -4*t = 235 - 263. Calculate the remainder when 22956 is divided by x.
24
Suppose -68355*s - 8931 = -68368*s. Calculate the remainder when s is divided by 29.
20
Calculate the remainder when 13/((-39)/(-2)) + (-16491)/(-9) is divided by 2.
1
Let z(b) = -b**2 + 18*b - 74. Let p be z(7). Suppose 0 = -d - 5*v - 1, -p*v = 2*d - v - 38. Calculate the remainder when 100 is divided by d.
4
Calculate the remainder when 277 is divided by (3/14*7)/((132/496)/11).
29
Let n be 237 + 3/9*9. Suppose 4*z = -d - 0*d + n, 3*z + 3*d - 180 = 0. What is the remainder when (1*z - -3)*(-6)/(-7) is divided by 19?
16
Suppose 0 = -98*q + 102*q - 108. Let j(v) = v**3 - 26*v**2 - 25*v + 13. Calculate the remainder when j(q) is divided by 18.
13
What is the remainder when (-2)/(-15) - ((-465452)/7410 - (-11)/(-209)) is divided by -2 + 2 + -1 - -12?
8
Let w = 1468 - 1393. Calculate th